1072369600.
2, 5, 670231
List the prime factors of 3703506164.
2, 229, 4043129
List the prime factors of 1329869929.
101, 977, 13477
List the prime factors of 121219836.
2, 3, 10101653
What are the prime factors of 47117824?
2, 13, 7079
What are the prime factors of 23569167?
3, 571, 13759
What are the prime factors of 8561904?
2, 3, 13, 13721
List the prime factors of 827489356.
2, 3767, 54917
What are the prime factors of 397610815?
5, 7, 19, 31469
What are the prime factors of 544609825?
5, 19, 59, 19433
What are the prime factors of 300771179?
127, 353, 6709
What are the prime factors of 1771273682?
2, 211, 1021, 4111
List the prime factors of 7834035636.
2, 3, 7, 809, 12809
List the prime factors of 153188389.
379, 404191
What are the prime factors of 1015882713?
3, 193, 584849
List the prime factors of 610625594.
2, 305312797
What are the prime factors of 3530057041?
7, 504293863
List the prime factors of 25908216.
2, 3, 1079509
What are the prime factors of 2561896272?
2, 3, 13, 1237, 3319
List the prime factors of 2569962934.
2, 7, 11, 647, 25793
List the prime factors of 3508654900.
2, 5, 29, 97, 12473
List the prime factors of 5183638.
2, 2591819
What are the prime factors of 1539617308?
2, 17, 29, 61, 12799
List the prime factors of 418369731.
3, 13, 113, 94933
List the prime factors of 3285884000.
2, 5, 7, 117353
What are the prime factors of 28574586?
2, 3, 17, 1831
What are the prime factors of 1536659688?
2, 3, 1249, 51263
What are the prime factors of 505947215?
5, 23, 4399541
What are the prime factors of 452946782?
2, 857, 264263
List the prime factors of 493181345.
5, 98636269
What are the prime factors of 461989955?
5, 7, 37, 356749
What are the prime factors of 654572358?
2, 3, 11, 251, 13171
List the prime factors of 99910145.
5, 19982029
What are the prime factors of 125093284?
2, 83, 376787
What are the prime factors of 5611157174?
2, 7, 79, 5073379
What are the prime factors of 936104795?
5, 1009, 185551
List the prime factors of 17565132.
2, 3, 13, 109, 1033
What are the prime factors of 891074435?
5, 1979, 90053
List the prime factors of 33429026.
2, 313, 53401
What are the prime factors of 132818088?
2, 3, 13, 103, 4133
List the prime factors of 5195904184.
2, 53, 12254491
List the prime factors of 710639596.
2, 19, 9350521
List the prime factors of 604719897.
3, 19, 37, 286733
What are the prime factors of 387137555?
5, 7, 11061073
List the prime factors of 2909375.
5, 7, 19
List the prime factors of 871307944.
2, 13, 137, 61153
What are the prime factors of 47146214?
2, 37, 223, 2857
What are the prime factors of 116263206?
2, 3, 23, 31, 9059
What are the prime factors of 203314039?
41, 4958879
What are the prime factors of 144566613?
3, 1784773
List the prime factors of 399083378.
2, 131, 1523219
List the prime factors of 2927904451.
107, 27363593
What are the prime factors of 1613024291?
79, 2243, 9103
List the prime factors of 174942846.
2, 3, 13, 747619
What are the prime factors of 95094106?
2, 47547053
List the prime factors of 1524544512.
2, 3, 23, 21577
List the prime factors of 1016975621.
1016975621
What are the prime factors of 1638919190?
2, 5, 163891919
What are the prime factors of 268949524?
2, 67, 1003543
List the prime factors of 5219983332.
2, 3, 71, 680749
What are the prime factors of 1856978964?
2, 3, 73, 706613
What are the prime factors of 13022299?
3511, 3709
List the prime factors of 1694955972.
2, 3, 141246331
What are the prime factors of 304991260?
2, 5, 7, 29, 43, 1747
What are the prime factors of 73484114?
2, 11, 103, 32429
What are the prime factors of 3462980865?
3, 5, 230865391
What are the prime factors of 148175509?
19, 71, 109841
List the prime factors of 75917943.
3, 487, 17321
List the prime factors of 25446362.
2, 2179, 5839
List the prime factors of 442395765.
3, 5, 7, 313, 641
What are the prime factors of 7505651?
383, 19597
What are the prime factors of 2773617546?
2, 3, 7, 66038513
What are the prime factors of 283283104?
2, 13, 17, 41, 977
List the prime factors of 106710743.
73, 1461791
List the prime factors of 129320633.
13, 9947741
List the prime factors of 1359163119.
3, 19, 269, 88643
List the prime factors of 18944346.
2, 3, 3157391
List the prime factors of 491229046.
2, 7, 11, 3189799
List the prime factors of 1075604905.
5, 1093, 196817
What are the prime factors of 498820807?
359, 1389473
What are the prime factors of 458742976?
2, 761, 9419
List the prime factors of 221009204.
2, 13, 4250177
What are the prime factors of 136183229?
7, 13, 1496519
List the prime factors of 14973743.
113, 132511
What are the prime factors of 54006973?
317, 170369
What are the prime factors of 159601560?
2, 3, 5, 601, 2213
What are the prime factors of 3034136997?
3, 31, 1249, 8707
What are the prime factors of 11072535?
3, 5, 19, 38851
What are the prime factors of 787743880?
2, 5, 7, 11, 23251
List the prime factors of 2394397080.
2, 3, 5, 73, 179, 509
What are the prime factors of 7754813?
11, 704983
What are the prime factors of 905761858?
2, 19927, 22727
List the prime factors of 915136014.
2, 3, 13, 902501
What are the prime factors of 87756017?
23, 653, 5843
What are the prime factors of 45196158?
2, 3, 7, 89, 107, 113
What are the prime factors of 674650499?
19, 5801, 6121
List the prime factors of 370477126.
2, 4057, 45659
What are the prime factors of 1480360178?
2, 11, 23, 2925613
What are the prime factors of 37148809?
173, 214733
List the prime factors of 679959265.
5, 149, 193, 4729
List the prime factors of 235672336.
2, 43, 342547
What are the prime factors of 1312764710?
2, 5, 127, 419, 2467
What are the prime factors of 1730213083?
1730213083
What are the prime factors of 33675401?
157, 191, 1123
What are the prime factors of 13932297?
3, 83, 6217
What are the prime factors of 39812842?
2, 619, 32159
List the prime factors of 1539264570.
2, 3, 5, 47, 59, 18503
What are the prime factors of 868757063?
868757063
List the prime factors of 209670565.
5, 13, 149, 21649
What are the prime factors of 210689521?
7, 829, 36307
What are the prime factors of 798814026?
2, 3, 251, 176807
List the prime factors of 98580765.
3, 5, 37, 177623
List the prime factors of 352233915.
3, 5, 11, 2134751
What are the prime factors of 367000981?
17, 3359, 6427
List the prime factors of 13458232.
2, 19, 37, 2393
List the prime factors of 1814813920.
2, 5, 17, 667211
List the prime factors of 48193977.
3, 13, 107, 11549
What are the prime factors of 88429179?
3, 181, 162853
What are the prime factors of 6116551?
7, 23, 37991
List the prime factors of 42268891.
7, 643, 9391
List the prime factors of 2293095316.
2, 757, 757297
List the prime factors of 2953478448.
2, 3, 71, 288877
List the prime factors of 463244485.
5, 11, 8422627
What are the prime factors of 87321021?
3, 41, 709927
What are the prime factors of 17760006?
2, 3, 11, 29, 1031
What are the prime factors of 168490754?
2, 29, 1613, 1801
What are the prime factors of 29871258?
2, 3, 4978543
List the prime factors of 22803989.
13, 1754153
List the prime factors of 32260501.
7, 13, 241, 1471
What are the prime factors of 2042775012?
2, 3, 17, 2153, 4651
List the prime factors of 600095055.
3, 5, 7, 31, 107, 1723
List the prime factors of 604541748.
2, 3, 50378479
What are the prime factors of 8830656?
2, 3, 15331
What are the prime factors of 11629054?
2, 17, 211, 1621
What are the prime factors of 768588196?
2, 192147049
List the prime factors of 924621821.
109, 8482769
List the prime factors of 198731517.
3, 66243839
List the prime factors of 230130718.
2, 29, 491, 8081
List the prime factors of 252640240.
2, 5, 419, 7537
What are the prime factors of 50034999?
3, 7, 19, 89, 1409
List the prime factors of 430448275.
5, 43, 400417
What are the prime factors of 5447984?
2, 19, 17921
What are the prime factors of 6649045?
5, 13, 102293
What are the prime factors of 2667231391?
11, 43, 5638967
List the prime factors of 76513186.
2, 677, 56509
What are the prime factors of 677967415?
5, 563, 240841
List the prime factors of 61955597.
11, 5632327
What are the prime factors of 1864984252?
2, 17, 47, 583537
What are the prime factors of 333515844?
2, 3, 9264329
List the prime factors of 74270043.
3, 8252227
List the prime fact